ppose w = 3*n - 8*z + 3*z, 398 = 5*n - 3*z. List the prime factors of n.
2, 41
Suppose 351583 = 10*u + 4*u + 96909. What are the prime factors of u?
18191
Let y(m) = -21*m**2 - 58*m + 49. Let z(i) = 10*i**2 + 29*i - 24. Let w(c) = 4*y(c) + 9*z(c). List the prime factors of w(11).
5, 41
Suppose 1324*o = 1342*o - 442800. What are the prime factors of o?
2, 3, 5, 41
Suppose 2*u - 37 = 3*l, 0*u + 4*l - 72 = -2*u. Suppose -22*b + u*b = 148. List the prime factors of b.
37
Suppose -g = 3*g - 5*j - 20, g = 2*j + 5. Suppose 11 + g = 8*d. List the prime factors of 408/5 + d/5.
2, 41
Let x = -891 + 13342. List the prime factors of x.
12451
Let g = -17 - -22. Suppose g*z + 7 = 22, -2*z = 5*k + 69. List the prime factors of 5*(-18)/k*20/3.
2, 5
Let v(m) = 11*m**3 + 385*m**2 + 28*m - 62. List the prime factors of v(-34).
2, 5851
Let x = -11126 - -38827. List the prime factors of x.
27701
Let q(p) = 9*p**2 + 25*p - 45. Suppose -48*s + 400 = 2*s. List the prime factors of q(s).
17, 43
Suppose 8*k - 140 = 28*k. Let m(w) = -w**3 - 4*w**2 - 3*w - 13. List the prime factors of m(k).
5, 31
Let b(z) = -2 + 28*z**3 + z - 29*z**3 + 1. Let a(g) = -4*g**3 + 17*g**2 - 20*g - 17. Let x(y) = a(y) - 3*b(y). What are the prime factors of x(15)?
7, 13
Let g(w) be the third derivative of w**4/24 + 5*w**3/3 + 20*w**2. Let d be g(-5). List the prime factors of 3*d/15*(-53)/(-1).
53
Let h = 8790 + 1663. List the prime factors of h.
10453
Suppose 4*j - 2*h = -60 - 34, 4*j - 3*h = -97. Let c(q) = -q**2 - 21*q - 5. Let g be c(j). Let v = g + 60. List the prime factors of v.
3, 11
Let f(p) = -p**3 + 26*p**2 - 8*p + 116. Let x be f(26). Suppose 3*v - 2*v - 27 = 5*c, 9 = -4*c + 5*v. What are the prime factors of ((-45)/(-30))/(c/x)?
23
Let o(h) = -2*h**2 + 8 + 4*h**2 - 2*h**2 + h**2 + 7*h. Let y be o(-6). Suppose 0 = -0*m + y*m - 238. List the prime factors of m.
7, 17
Let t(a) = a**2 + 25*a - 23. Let z = -104 - -50. Let s = z + 25. List the prime factors of t(s).
3, 31
Let f(c) = 20*c + 71 - 22 + 86. What are the prime factors of f(14)?
5, 83
Let g(v) = -7*v + 4. Let j(f) = 8*f - 3. Let b(i) = -6*g(i) - 5*j(i). Let p be b(6). List the prime factors of ((-12)/p)/(6/(-51)).
2, 17
Let v = 6807 - 2651. Suppose -7*c + v = -3*c. What are the prime factors of c?
1039
Let a = -423 - -1221. Suppose a = 6*u - 3*u. List the prime factors of u.
2, 7, 19
Suppose -7*t = -4*f + 191184, -4*t - 47787 = 50*f - 51*f. What are the prime factors of f?
7, 6829
Let z be 1 + 5 + (-8 - -4). Let h = 77 - 0. List the prime factors of (-5 + h)/(1 + 0/z).
2, 3
Let d = -24 - -58. Suppose -8*k = -341 - 427. Let z = k + d. What are the prime factors of z?
2, 5, 13
Suppose -5*r + 20 = 5. Suppose 0 = -1165*t + 1134*t. Suppose t = -r*h + 4*w + 785, 6*h - 2*h - 1057 = -5*w. List the prime factors of h.
263
Let j(q) = -9*q - 12. Let c be j(-2). Suppose 4*p + c*m - 3*m - 430 = 0, 0 = -p + m + 111. List the prime factors of p.
109
Let y(r) = -14*r**3 - 4*r**2 - 2*r - 7. List the prime factors of y(-4).
7, 17
Let x be (-1)/(-4) - (-10 + (-5499)/36). Suppose -6*m + 7*m = -2*c + 157, 2*c = m + x. What are the prime factors of c?
2, 5
Suppose 1856*i - 1863*i = -35. Suppose 4*j = 9*j - i*p - 3375, -3*j - p + 2045 = 0. List the prime factors of j.
2, 5, 17
Suppose -42 = -4*m - d + 15, -4 = -4*d. Let l(y) = 3*y**2 - 42*y + 8. Let x be l(m). What are the prime factors of 706/12 + (x - 188/24)?
59
Let f be (8/(-6))/(36/(-135)). Suppose 41 + 29 = f*i + m, m = -3*i + 44. Suppose -14*q = -i*q - 6. What are the prime factors of q?
2, 3
Let r be (784 - -4) + 4*(-10)/(-8). Let v = r - 468. What are the prime factors of v?
5, 13
Let b(i) be the second derivative of -i**5/20 + 2*i**4/3 + 17*i**3/2 - 2*i**2 - 4*i - 3. What are the prime factors of b(8)?
2, 101
Let j be ((-295)/2)/(11/(-22)). Let i = j + -181. Suppose 0 = -4*d + 2*d + i. List the prime factors of d.
3, 19
Suppose 2*r - r - 17027 = -5*w, -6806 = -2*w - 2*r. Let g = w - 2419. List the prime factors of g.
3, 7, 47
Let y = 216 + 2232. What are the prime factors of y?
2, 3, 17
Let t = -18623 + 40633. What are the prime factors of t?
2, 5, 31, 71
List the prime factors of ((-1 - -5)/((-20)/2946))/(15/(-350)).
2, 7, 491
Let q(v) be the second derivative of 1/20*v**5 + 0 - 11*v - 7/12*v**4 + 3/2*v**2 - 2*v**3. What are the prime factors of q(9)?
3, 19
Suppose 0 = -3*l + 3*a + 1575 + 156, 3*a - 2329 = -4*l. Suppose 6*o - l = o. Suppose -q = -o - 42. List the prime factors of q.
2, 79
Suppose -p + 8250 + 12410 = 2922. List the prime factors of p.
2, 7, 181
Suppose -444 = -10*v - 94. Let d = 294 - v. What are the prime factors of d?
7, 37
Suppose 0 = 4*l - 5*q - 26761, -38*l - q = -41*l + 20057. List the prime factors of l.
2, 3, 557
Let n be (1215/(-30))/((-1)/6). Suppose -7 = u - 5*q, 0*u + 4*u - 4*q - 52 = 0. What are the prime factors of n/u - 1/(-2)?
2, 7
Let y = -1842 - -6003. List the prime factors of y.
3, 19, 73
What are the prime factors of 4997 + -14 + -7 - -2?
2, 19, 131
Let b = 9166 + -5521. Suppose 15*c + b = 18*c. What are the prime factors of c?
3, 5
Let d(p) = -209*p**3 + 3*p**2 - 14*p - 4. List the prime factors of d(-4).
2, 3, 1123
List the prime factors of 508/(11/814*8).
37, 127
Suppose -4*w - 52744 = -2*j, 5*j = 8*j + 4*w - 79116. Suppose -22*y = 434 - j. List the prime factors of y.
3, 131
Let n(y) = 3293*y**3 - 6*y**2 + 15*y - 4. List the prime factors of n(2).
2, 3, 4391
Suppose -2*j = 3*f - 933, 3*j + 3*f - 1412 = f. Suppose 2*g - 19 = 3*r, -3 - 22 = -2*g + 5*r. List the prime factors of j/g - (-2)/10.
5, 19
Suppose -100 - 152 = 12*f. What are the prime factors of (-9)/(-6) + (252525/(-10))/f?
2, 7, 43
Let v(n) = 1591*n**2 - 141*n - 527. List the prime factors of v(-4).
13, 37, 53
Let h(s) = s**3 + 8*s**2 - 3*s - 20. Let z be h(-8). Let l be 0 + z/2 + -11. List the prime factors of (l/6)/((6/164)/(-1)).
41
Let x(q) = 2*q**3 + 36*q**2 - 47*q - 2. Suppose -17*n - 280 - 43 = 0. What are the prime factors of x(n)?
13
Suppose 35262 = 3*r - 2*j, -106*r + 11762 = -105*r - 2*j. What are the prime factors of r?
2, 5, 47
Let p be (1/(-2))/(11/550). Let b = 208 - p. Suppose 3*j - b - 67 = 0. List the prime factors of j.
2, 5
Suppose 5*r - 450 = -2*o, 26 + 64 = r - o. Suppose -l = c - 334 + r, 4*c + 12 = 0. List the prime factors of l.
13, 19
Let w(u) = -6*u**3 - 2*u**2 + 9*u - 2. Suppose -4*b + 86 = 102. What are the prime factors of w(b)?
2, 157
Let i(s) = -17*s**2 - 10*s**2 - 3*s**2 - 6 + 7*s + 40*s**2. Suppose 4*g = -17 + 1. What are the prime factors of i(g)?
2, 3, 7
Let c = 254 + -249. Suppose -c*s = -832 - 23. What are the prime factors of s?
3, 19
Suppose -o - 3*l - 22 = 0, -o - 4 = -l - 2*l. What are the prime factors of -4 - 2*-291*o/(-39)?
2, 5, 19
Let k(i) = 7*i**3 + 12*i**2 - 67*i + 149. What are the prime factors of k(8)?
5, 13, 61
Let m = 203521 - 131012. What are the prime factors of m?
31, 2339
Suppose -1 = -v + f, -5*v - 28 = -9*v - 2*f. Let s be 6 - 1/((-1)/v). Suppose -s*b + 1738 - 165 = 0. What are the prime factors of b?
11, 13
Let h be 4/6 + (-40526)/(-69). Suppose -h = -x - b, -2*x + 6*b + 1170 = 2*b. What are the prime factors of x?
587
Let h = 22 + -28. Let b(w) = -5*w - 20. Let z be b(h). Suppose s = -3*i + 22, -s = -3*i - 36 - z. What are the prime factors of s?
2, 17
Suppose -108855 = -3*u - 4*w, -12*u = -7*u + 2*w - 181425. List the prime factors of u.
3, 5, 41, 59
Let y(z) = 66*z**2 - 33*z + 185. What are the prime factors of y(9)?
2, 2617
Let b(y) = y**3 - 9*y**2 - 4*y + 10. Let j be b(9). What are the prime factors of (-4)/j - 3/((-156)/7844)?
151
Let s(y) = 544*y + 48. Let u(w) = -817*w - 74. Let f(g) = 7*s(g) + 5*u(g). List the prime factors of f(-4).
2, 3, 179
Suppose -11*p + 60828 + 40966 = 0. List the prime factors of p.
2, 7, 661
Let p(f) = 39*f + 1509. List the prime factors of p(-15).
2, 3, 7, 11
Suppose 0*s - d - 3 = -s, -2*d + 12 = 4*s. Let n be (-2)/(-27)*s - 86/(-18). Suppose n*o + 4*z - 1140 = 0, 3*o + 2*z - 691 = z. What are the prime factors of o?
2, 29
Let b(x) = -23*x. Let j = 69 - 81. What are the prime factors of b(j)?
2, 3, 23
Suppose 0 = 5*s - 4*a - 3, -3*s - 21 = -5*s - 5*a. Suppose 0*x = s*x - 2*g - 490, -3*g + 510 = 3*x. List the prime factors of x.
2, 83
Let k = 94 - 122. Let s = 30 + k. Suppose 0 = 3*w + 3*